 + 4*y**2 + 2 - y**2 + 2. Suppose 0 = -4*a - a + 30. Let i be a*2*2/8. What is s(i)?
-7
Let z(g) = -11*g**3 + g**2 + g + 1. Let x(i) = 22*i**3 - 2*i**2 - 2*i - 3. Let v(y) = -2*x(y) - 5*z(y). Give v(1).
10
Suppose -n - 3 = -1. Let i = 0 - n. Suppose 2*p + i = -0*p. Let q(g) = -3*g**2 - g - 1. What is q(p)?
-3
Let k(x) = -4*x - 1. Let v(c) = -11*c - 3. Let w(n) = 8*k(n) - 3*v(n). Let p be 5/((-10)/6) + 3. Calculate w(p).
1
Let o(f) be the third derivative of f**4/24 + f**2. Let r(a) = a**3 - 8*a**2 - a + 8. Let n be r(8). Suppose 4*i = -n*y - 4*y, 5*y + i - 16 = 0. What is o(y)?
4
Let a(w) = w + 2. Let s be 3 + (-3 - -1) + 4. Suppose s*c + 0*c = -5. Determine a(c).
1
Let m(d) = d**3 + 2*d**2 - 2. Suppose -12*k - 12 = -8*k. Calculate m(k).
-11
Let j(w) = -w + 2. Let b(c) = -c + 1. Let q(d) = d - 1. Let a(n) = n - 8. Let m be a(7). Let y(z) = m*b(z) - 2*q(z). Let o be y(-4). What is j(o)?
-3
Let m(f) = -f**3 - 6*f**2 - 4*f - 3. Let z(t) = t**2 + 6*t - 4. Let a be z(-6). Determine m(a).
-19
Suppose -2*v = -4*m - 28, 0*v + 3*v - 38 = 5*m. Let y(c) = -v + 2 + 0*c - 2*c - c**2. Suppose 0*i - 4*i = 12. Determine y(i).
-7
Let t(m) = -2*m. Let z(k) = 2*k**2 - 9*k + 4. Let r be z(6). Let v = -12 + 2. Let w be r/(-5) + (-4)/v. Calculate t(w).
8
Let m(d) = d - 4. Suppose 21 = j + 2*j + 4*l, -5*l = 4*j - 27. What is m(j)?
-1
Let x(j) = -8*j**3 + j. Suppose 3*q = 12 - 3. Suppose 13 = -2*s - 0*s + 3*b, 2*s - b + q = 0. Calculate x(s).
-7
Let n(z) = z - 5. Suppose 3*b + 4*h - 22 = 19, 0 = 3*b - 2*h - 11. Determine n(b).
2
Let w(c) be the second derivative of c**3/6 + 6*c**2 + 8*c. Calculate w(-6).
6
Let l(o) = 11*o**2 + 35*o - 29. Let m(j) = -7*j**2 - 23*j + 19. Let k(z) = 5*l(z) + 8*m(z). Determine k(-9).
7
Let m(q) = q + 6. Let g(z) = 1. Let l(n) = 5. Let a(c) = -6*g(c) + l(c). Let o(b) = -6*a(b) - m(b). What is o(-4)?
4
Let a(h) = h**3 + h. Suppose 5 - 3 = -t. Let f(j) = 3*j**3 + 5*j**2 + 7*j. Let q(r) = t*a(r) + f(r). Let p(w) = -w - 7. Let m be p(-3). What is q(m)?
-4
Let a(n) = 9*n + 43. Let c be a(-5). Let v(l) = -2*l**3 - 3*l**2 - l + 1. What is v(c)?
7
Let h(m) = 3*m + 3*m - 2*m**2 + 4 - 10*m. Determine h(-4).
-12
Suppose 2*v - 6 = v. Let k(n) = -7*n + n**2 - 3 + 5*n**2 - 5*n**2 + 2*n. Calculate k(v).
3
Let c(w) = w**3 + 6*w**2 + 21 - 27 - 3*w + 3*w - w. Give c(-6).
0
Let t(p) = -5*p**2 - 4*p - 7. Let m(v) = 9*v**2 + 7*v + 14. Let h(w) = 6*m(w) + 11*t(w). Give h(-5).
-8
Let v(l) = -5*l + 3. Let j(g) = 4*g - 2. Let x(h) = -6*j(h) - 5*v(h). What is x(0)?
-3
Let o(k) = -2*k. Let m(z) = 3*z. Let u(v) = -6*m(v) - 14*o(v). Determine u(-1).
-10
Let x be 2/12 + 3/9. Let y(z) be the first derivative of 1/4*z**4 + x*z**2 + 1/3*z**3 + 1 + 0*z. Determine y(0).
0
Let h(w) = 2*w + 4. Let v be h(7). Let g be (2/(-3))/((-6)/v). Let i be 2*g*(-2)/(-8). Let x(b) = -b. Calculate x(i).
-1
Let s(n) = n**2 + n - 5. Suppose 11*d = 15*d. Calculate s(d).
-5
Let b(h) be the second derivative of h**5/120 + 5*h**4/24 + h**3/3 + 4*h. Let o(m) be the second derivative of b(m). Give o(6).
11
Let h(x) = -x**3 + 5*x**2 + 4*x + 1. Let z be (-6)/(((-9)/(-3))/(-3)). Give h(z).
-11
Let g(p) = -p**3 - 11*p**2 + 2*p. Let y be g(-11). Let n = 20 + y. Let r(u) = u**2 + 2*u + 1. Give r(n).
1
Let i(k) = -k**3 + 4*k**2 + k - 3. Suppose -5*n - x + 14 = 0, 3*n + 5*x - 4 = -0. Calculate i(n).
9
Let w(t) = t**2 + t - 1. Let s(j) = -j**2 - 12*j + 12. Let h(b) = -s(b) - 2*w(b). Give h(9).
-1
Let q(s) = s**2 - 3*s + 2. Let k(i) = -2*i**2 + 2*i - 3. Let l(x) = 2*k(x) + 3*q(x). Let u = 6 - 12. Determine l(u).
-6
Suppose 2*j = -3*j. Let g(r) = -r - 3. Determine g(j).
-3
Let u(o) = -2*o - 2. Let p(a) be the third derivative of -a**6/40 - a**4/24 + 2*a**2. Let r be p(1). What is u(r)?
6
Suppose 4*g - 5*u = 3, 4*u + 0*u - 41 = -3*g. Let f(v) = -g*v + 4 + 3*v + 2*v. What is f(5)?
-6
Let v(u) be the first derivative of 2*u**3/3 + 3*u**2 - 6*u + 44. What is v(-5)?
14
Let f = 11 - 8. Let g(m) = m + 3*m**2 - 1 - 4*m - f*m**2 - m**2. Let l be (-15)/4 + 2/(-8). Determine g(l).
-5
Let o(c) = 4*c + 4. Let y = 17 - 22. Give o(y).
-16
Let q(d) = -6*d**3 - 3*d**2 - 5*d - 1. Let w(z) = 6*z**3 + 2*z**2 + 4*z + 1. Let b(k) = -3*q(k) - 4*w(k). Determine b(-1).
7
Suppose 1 = -4*x + 9. Let o(s) = 3*s - 13. Let r(g) = 10*g - 39. Let t(b) = x*r(b) - 7*o(b). Give t(6).
7
Let t(j) be the third derivative of -1/60*j**5 - 5*j**2 + 0*j**3 + 0*j + 1/24*j**4 + 0 + 1/120*j**6. What is t(0)?
0
Suppose -3 = -5*m + 12. Let n(a) = -a**3 + 3*a**2 - 4*a - 1. Give n(m).
-13
Let s(a) = 6 + 4*a**3 - 3*a**3 + 3 - 5 + a + 4*a**2. What is s(-3)?
10
Suppose -8 = 7*k - 9*k. Let l(o) = o**3 - 2*o**2 - 5*o + 1. Determine l(k).
13
Let v(k) = k**3 - 2*k**2 - 2. Let m(s) = 8*s - 13. Let j be m(6). Let o be 2/8 + j/20. What is v(o)?
-2
Let l(v) = v**2 - 2*v + 3. Let k be l(2). Let d(n) be the first derivative of -n**4/4 + n**3/3 + 3*n**2/2 + 4*n - 36. Calculate d(k).
-5
Let q(k) = -k**2 - 5*k + 4. Let z(w) = w**2 - 6*w + 5. Let o be z(4). Let c be (-4)/6 + (-14)/o. Suppose c*l + 5 + 15 = 0. Give q(l).
4
Let g(v) be the second derivative of 0*v**2 - 1/6*v**4 + 0 - 1/6*v**3 + 5*v. Calculate g(-2).
-6
Let p(t) = -3*t + 23. Let x(r) = -r + 8. Let o = -24 - -13. Let i(y) = o*x(y) + 4*p(y). Give i(-4).
8
Suppose 12*w = -3*w - 15. Let t(u) be the first derivative of -2*u**2 + u + 1. What is t(w)?
5
Let s(c) = -2*c**3 - 13*c**2 - 8*c - 7. Let g(h) = -3*h**3 - 25*h**2 - 17*h - 13. Let m(p) = -3*g(p) + 5*s(p). Calculate m(11).
4
Let c(x) be the first derivative of -1/4*x**4 + 2/3*x**3 + 3/2*x**2 - 3*x - 2. Determine c(3).
-3
Let u(o) = o**2 + 9. Let r(h) = 1. Let a(x) = 3*r(x) - u(x). Let m be 2/8 - (-2)/(-8). Let v be a(m). Let j(g) = 2*g + 8. Calculate j(v).
-4
Let d = 1 - 4. Let w = 2 + 0. Let x(o) = 4 + 3*o - 4*o - w. What is x(d)?
5
Suppose -z = s - 2, 5*s = 4*z + 10 - 0. Let m(v) = 1 - v**2 - s + v + v. Let f(b) = 2*b**2 - 17*b - 6. Let c be f(9). Calculate m(c).
-4
Let z(s) be the second derivative of -s**3/6 - s**2/2 + 7*s. What is z(4)?
-5
Let y(r) = -r**3 - 9*r**2 - 8*r + 2. Let z be y(-8). Let v(x) = -7*x + 5*x + 2*x + x - 2*x**z. Let k be 2 - 2 - 2*-1. What is v(k)?
-6
Let p be 4*((-1)/(-2))/1. Let d(j) = 4*j**2 + 11 - 3*j**2 - j**p + j**3. Calculate d(0).
11
Let k(g) be the second derivative of -1/3*g**3 - g**2 + 1/10*g**5 + 1/6*g**4 + 0 - g. Suppose 4 = 3*u + 2*j, -4*j = -u - 0*j - 22. What is k(u)?
-6
Let p(j) = j**2 + 5*j + 4. Let c(v) = -v + 8. Let m be c(11). Give p(m).
-2
Let b = 4 - 3. Let f(z) = -z + 1. Let l be f(b). Let j(o) = -o**2 - o - 2. Give j(l).
-2
Let s = 5 - 0. Let r(q) be the third derivative of -q**7/5040 + q**6/60 - q**5/15 - 3*q**2. Let j(f) be the third derivative of r(f). Calculate j(s).
7
Let d(t) = t**3 + 14*t**2 - 16*t - 8. Let q be d(-15). Let h(p) = p**2 - 9*p + 6. Calculate h(q).
-8
Let u(a) be the first derivative of 0*a + 1 + 1/2*a**2 + 1/24*a**4 - 7/6*a**3. Let i(s) be the second derivative of u(s). Determine i(5).
-2
Let g(v) = -v + 4. Let h(x) = 1. Let d(a) = -2. Let y(q) = 4*d(q) + 11*h(q). Let m(z) = 2*g(z) - 3*y(z). Calculate m(3).
-7
Let y(f) = -f**3 + 2*f**2 + 3*f - 1. Let w be 0/(-1) + 0 + 2. Let o be (2 - 4)/(w/(-4)). Suppose -o*i = 3*j - 0 - 5, 4*i - 13 = 5*j. Give y(i).
5
Let m(i) = -i. Let r(y) = 7*y + 10. Let k(d) = -6*m(d) - r(d). Give k(-14).
4
Suppose -40 = -7*v + 2*v. Suppose 3*t - v = t. Let x(h) = 5*h + 6. Let l(m) = -2*m - 2. Let f(j) = 11*l(j) + 4*x(j). What is f(t)?
-6
Let w(q) be the first derivative of 7/3*q**3 - 4*q**2 - 1/4*q**4 - 2*q + 5. Determine w(6).
-14
Let j(l) be the first derivative of -2*l**2 + l - 15. Let u be 2 - (0 + 2) - -1. What is j(u)?
-3
Let b(p) = -14*p + 7. Let u(f) = -f + 1. Let m = -4 + 10. Let q(z) = m*u(z) - b(z). Determine q(1).
7
Let r = -2 - -5. Suppose 6 = -4*h + r*z + 2*z, -4*h = 4*z + 24. Let k = -1 + h. Let d(a) = 2*a + 5. Give d(k).
-5
Suppose 0 = 3*o + 3 - 0. Let r(n) = -n. Determine r(o).
1
Let y(c) = 3 + 3*c - 3*c + 3*c. Let b be y(-2). Let u(g) = 5*g - 11. Let h(o) = -2*o + 5. Let p(i) = b*u(i) - 7*h(i). Determine p(-5).
3
Let a(d) = d**3 + 8*d**2 - 11*d - 10. Suppose 0 = 5*o - 10*o - 45. Let g be a(o). Let h be (-30)/4*g/12. Let i(k) = -k**3 - 5*k**2 + 3*k + 5. What is i(h)?
-10
Suppose -v + 2*v - 5 = -o, -4*o + 4*v = -4. Let y(m) = -5*m - 4. Let f(h)